{"version":"1.0","provider_name":"All4Camper","provider_url":"https:\/\/all4camper.com\/cs\/","author_name":"Kl\u00e1ra H\u00e1jkov\u00e1","author_url":"https:\/\/all4camper.com\/cs\/author\/klarinkacestuje1\/","title":"Karavanem na stellplatz a do Adr\u0161pa\u0161sko-teplick\u00fdch skal - All4Camper","type":"rich","width":600,"height":338,"html":"<blockquote class=\"wp-embedded-content\" data-secret=\"Rio4gjV4fg\"><a href=\"https:\/\/all4camper.com\/cs\/karavanem-na-stellplatz-a-do-adrspassko-teplickych-skal\/\">Karavanem na stellplatz a do Adr\u0161pa\u0161sko-teplick\u00fdch skal<\/a><\/blockquote><iframe sandbox=\"allow-scripts\" security=\"restricted\" src=\"https:\/\/all4camper.com\/cs\/karavanem-na-stellplatz-a-do-adrspassko-teplickych-skal\/embed\/#?secret=Rio4gjV4fg\" width=\"600\" height=\"338\" title=\"&#8222;Karavanem na stellplatz a do Adr\u0161pa\u0161sko-teplick\u00fdch skal&#8220; &#8212; All4Camper\" data-secret=\"Rio4gjV4fg\" frameborder=\"0\" marginwidth=\"0\" marginheight=\"0\" scrolling=\"no\" class=\"wp-embedded-content\"><\/iframe><script type=\"text\/javascript\">\n\/* <![CDATA[ *\/\n\/*! This file is auto-generated *\/\n!function(d,l){\"use strict\";l.querySelector&&d.addEventListener&&\"undefined\"!=typeof URL&&(d.wp=d.wp||{},d.wp.receiveEmbedMessage||(d.wp.receiveEmbedMessage=function(e){var t=e.data;if((t||t.secret||t.message||t.value)&&!\/[^a-zA-Z0-9]\/.test(t.secret)){for(var s,r,n,a=l.querySelectorAll('iframe[data-secret=\"'+t.secret+'\"]'),o=l.querySelectorAll('blockquote[data-secret=\"'+t.secret+'\"]'),c=new RegExp(\"^https?:$\",\"i\"),i=0;i<o.length;i++)o[i].style.display=\"none\";for(i=0;i<a.length;i++)s=a[i],e.source===s.contentWindow&&(s.removeAttribute(\"style\"),\"height\"===t.message?(1e3<(r=parseInt(t.value,10))?r=1e3:~~r<200&&(r=200),s.height=r):\"link\"===t.message&&(r=new URL(s.getAttribute(\"src\")),n=new URL(t.value),c.test(n.protocol))&&n.host===r.host&&l.activeElement===s&&(d.top.location.href=t.value))}},d.addEventListener(\"message\",d.wp.receiveEmbedMessage,!1),l.addEventListener(\"DOMContentLoaded\",function(){for(var e,t,s=l.querySelectorAll(\"iframe.wp-embedded-content\"),r=0;r<s.length;r++)(t=(e=s[r]).getAttribute(\"data-secret\"))||(t=Math.random().toString(36).substring(2,12),e.src+=\"#?secret=\"+t,e.setAttribute(\"data-secret\",t)),e.contentWindow.postMessage({message:\"ready\",secret:t},\"*\")},!1)))}(window,document);\n\/\/# sourceURL=https:\/\/all4camper.com\/wp-includes\/js\/wp-embed.min.js\n\/* ]]> *\/\n<\/script>\n","thumbnail_url":"https:\/\/all4camper.com\/wp-content\/uploads\/2022\/03\/stellplatz-adrs\u030cpach.jpeg","thumbnail_width":1280,"thumbnail_height":720,"description":"N\u00e1rodn\u00ed p\u0159\u00edrodn\u00ed rezervace Adr\u0161pa\u0161sko-teplick\u00e9 sk\u00e1ly v\u00a0Kr\u00e1lovehradeck\u00e9m kraji je skv\u011bl\u00fdm m\u00edstem, kam vyrazit za turistikou do jedine\u010dn\u00e9 oblasti skaln\u00edho m\u011bsta. Na sv\u00e9 n\u00e1v\u0161t\u011bvn\u00edky tu \u010dekaj\u00ed tis\u00edce skaln\u00edch v\u011b\u017e\u00ed, vodop\u00e1d, zatopen\u00fd p\u00edskovcov\u00fd lom i plavba na pramici. A vyrazit sem m\u016f\u017eete i s\u00a0karavanem nebo obytn\u00fdm vozem."}

Klára Hájková

Karavanem na stellplatz a do Adršpašsko-teplických skal - All4Camper

<blockquote class="wp-embedded-content" data-secret="Rio4gjV4fg"><a href="https://all4camper.com/cs/karavanem-na-stellplatz-a-do-adrspassko-teplickych-skal/">Karavanem na stellplatz a do Adršpašsko-teplických skal</a></blockquote><iframe sandbox="allow-scripts" security="restricted" src="https://all4camper.com/cs/karavanem-na-stellplatz-a-do-adrspassko-teplickych-skal/embed/#?secret=Rio4gjV4fg" width="600" height="338" title="&#8222;Karavanem na stellplatz a do Adršpašsko-teplických skal&#8220; &#8212; All4Camper" data-secret="Rio4gjV4fg" frameborder="0" marginwidth="0" marginheight="0" scrolling="no" class="wp-embedded-content"></iframe><script type="text/javascript">
/* <![CDATA[ */
/*! This file is auto-generated */
!function(d,l){"use strict";l.querySelector&&d.addEventListener&&"undefined"!=typeof URL&&(d.wp=d.wp||{},d.wp.receiveEmbedMessage||(d.wp.receiveEmbedMessage=function(e){var t=e.data;if((t||t.secret||t.message||t.value)&&!/[^a-zA-Z0-9]/.test(t.secret)){for(var s,r,n,a=l.querySelectorAll('iframe[data-secret="'+t.secret+'"]'),o=l.querySelectorAll('blockquote[data-secret="'+t.secret+'"]'),c=new RegExp("^https?:$","i"),i=0;i<o.length;i++)o[i].style.display="none";for(i=0;i<a.length;i++)s=a[i],e.source===s.contentWindow&&(s.removeAttribute("style"),"height"===t.message?(1e3<(r=parseInt(t.value,10))?r=1e3:~~r<200&&(r=200),s.height=r):"link"===t.message&&(r=new URL(s.getAttribute("src")),n=new URL(t.value),c.test(n.protocol))&&n.host===r.host&&l.activeElement===s&&(d.top.location.href=t.value))}},d.addEventListener("message",d.wp.receiveEmbedMessage,!1),l.addEventListener("DOMContentLoaded",function(){for(var e,t,s=l.querySelectorAll("iframe.wp-embedded-content"),r=0;r<s.length;r++)(t=(e=s[r]).getAttribute("data-secret"))||(t=Math.random().toString(36).substring(2,12),e.src+="#?secret="+t,e.setAttribute("data-secret",t)),e.contentWindow.postMessage({message:"ready",secret:t},"*")},!1)))}(window,document);
//# sourceURL=https://all4camper.com/wp-includes/js/wp-embed.min.js
/* ]]> */
</script>

Národní přírodní rezervace Adršpašsko-teplické skály v Královehradeckém kraji je skvělým místem, kam vyrazit za turistikou do jedinečné oblasti skalního města. Na své návštěvníky tu čekají tisíce skalních věží, vodopád, zatopený pískovcový lom i plavba na pramici. A vyrazit sem můžete i s karavanem nebo obytným vozem.
